{"id":13036,"date":"2021-02-02T15:51:35","date_gmt":"2021-02-02T15:51:35","guid":{"rendered":"https:\/\/www.avenor.ro\/evenimente\/ceremonia-de-deschidere-a-anului-scolar-2\/"},"modified":"2021-02-02T15:52:00","modified_gmt":"2021-02-02T15:52:00","slug":"ceremonia-de-deschidere-a-anului-scolar-2","status":"publish","type":"evenimente","link":"https:\/\/www.avenor.ro\/en\/events\/ceremonia-de-deschidere-a-anului-scolar-2\/","title":{"rendered":"The opening ceremony of the school year"},"content":{"rendered":"<p><span data-sheets-value=\"{\"1\":2,\"2\":\"Deschiderea anului \u0219colar reprezint\u0103 un moment emo\u021bionant pentru to\u021bi membrii comunit\u0103\u021bii Avenor - elevi, profesori, p\u0103rin\u021bi. Ne revedem colegii, povestim despre ce am f\u0103cut \u00een vacan\u021ba de var\u0103, iar \u00eempreun\u0103 lans\u0103m tradi\u021bionalele baloane care con\u021bin dorin\u021bele noastre pentru un an nou \u0219colar mai bun.\"}\" data-sheets-userformat=\"{\"2\":769,\"3\":{\"1\":0},\"11\":4,\"12\":0}\">The opening of the school year is an emotional moment for all members of the Avenor community &#8211; students, teachers, parents. See you colleagues, talk about what we did during the summer vacation.<\/span><\/p>\n","protected":false},"author":1,"featured_media":10589,"template":"","categorii_evenimente":[475,474,476],"class_list":["post-13036","evenimente","type-evenimente","status-publish","has-post-thumbnail","hentry","categorii_evenimente-gimnaziu-en","categorii_evenimente-highschool","categorii_evenimente-primary"],"acf":[],"yoast_head":"<!-- This site is optimized with the Yoast SEO plugin v28.3 - https:\/\/yoast.com\/product\/yoast-seo-wordpress\/ -->\n<title>The opening ceremony of the school year - Avenor<\/title>\n<meta name=\"robots\" content=\"index, follow, max-snippet:-1, max-image-preview:large, max-video-preview:-1\" \/>\n<link rel=\"canonical\" href=\"https:\/\/www.avenor.ro\/en\/events\/ceremonia-de-deschidere-a-anului-scolar-2\/\" \/>\n<meta property=\"og:locale\" content=\"en_US\" \/>\n<meta property=\"og:type\" content=\"article\" \/>\n<meta property=\"og:title\" content=\"The opening ceremony of the school year - Avenor\" \/>\n<meta property=\"og:description\" content=\"The opening of the school year is an emotional moment for all members of the Avenor community &#8211; students, teachers, parents. See you colleagues, talk about what we did during the summer vacation.\" \/>\n<meta property=\"og:url\" content=\"https:\/\/www.avenor.ro\/en\/events\/ceremonia-de-deschidere-a-anului-scolar-2\/\" \/>\n<meta property=\"og:site_name\" content=\"Avenor\" \/>\n<meta property=\"article:modified_time\" content=\"2021-02-02T15:52:00+00:00\" \/>\n<meta property=\"og:image\" content=\"https:\/\/www.avenor.ro\/wp-content\/uploads\/2020\/12\/Ceremonia-de-deschidere-a-anului-scolar.jpg\" \/>\n\t<meta property=\"og:image:width\" content=\"1536\" \/>\n\t<meta property=\"og:image:height\" content=\"1024\" \/>\n\t<meta property=\"og:image:type\" content=\"image\/jpeg\" \/>\n<meta name=\"twitter:card\" content=\"summary_large_image\" \/>\n<script type=\"application\/ld+json\" class=\"yoast-schema-graph\">{\"@context\":\"https:\\\/\\\/schema.org\",\"@graph\":[{\"@type\":\"WebPage\",\"@id\":\"https:\\\/\\\/www.avenor.ro\\\/en\\\/events\\\/ceremonia-de-deschidere-a-anului-scolar-2\\\/\",\"url\":\"https:\\\/\\\/www.avenor.ro\\\/en\\\/events\\\/ceremonia-de-deschidere-a-anului-scolar-2\\\/\",\"name\":\"The opening ceremony of the school year - Avenor\",\"isPartOf\":{\"@id\":\"https:\\\/\\\/www.avenor.ro\\\/en\\\/#website\"},\"primaryImageOfPage\":{\"@id\":\"https:\\\/\\\/www.avenor.ro\\\/en\\\/events\\\/ceremonia-de-deschidere-a-anului-scolar-2\\\/#primaryimage\"},\"image\":{\"@id\":\"https:\\\/\\\/www.avenor.ro\\\/en\\\/events\\\/ceremonia-de-deschidere-a-anului-scolar-2\\\/#primaryimage\"},\"thumbnailUrl\":\"https:\\\/\\\/www.avenor.ro\\\/wp-content\\\/uploads\\\/2020\\\/12\\\/Ceremonia-de-deschidere-a-anului-scolar.jpg\",\"datePublished\":\"2021-02-02T15:51:35+00:00\",\"dateModified\":\"2021-02-02T15:52:00+00:00\",\"inLanguage\":\"en-US\",\"potentialAction\":[{\"@type\":\"ReadAction\",\"target\":[\"https:\\\/\\\/www.avenor.ro\\\/en\\\/events\\\/ceremonia-de-deschidere-a-anului-scolar-2\\\/\"]}]},{\"@type\":\"ImageObject\",\"inLanguage\":\"en-US\",\"@id\":\"https:\\\/\\\/www.avenor.ro\\\/en\\\/events\\\/ceremonia-de-deschidere-a-anului-scolar-2\\\/#primaryimage\",\"url\":\"https:\\\/\\\/www.avenor.ro\\\/wp-content\\\/uploads\\\/2020\\\/12\\\/Ceremonia-de-deschidere-a-anului-scolar.jpg\",\"contentUrl\":\"https:\\\/\\\/www.avenor.ro\\\/wp-content\\\/uploads\\\/2020\\\/12\\\/Ceremonia-de-deschidere-a-anului-scolar.jpg\",\"width\":1536,\"height\":1024},{\"@type\":\"WebSite\",\"@id\":\"https:\\\/\\\/www.avenor.ro\\\/en\\\/#website\",\"url\":\"https:\\\/\\\/www.avenor.ro\\\/en\\\/\",\"name\":\"Avenor\",\"description\":\"Avenor\",\"publisher\":{\"@id\":\"https:\\\/\\\/www.avenor.ro\\\/en\\\/#organization\"},\"potentialAction\":[{\"@type\":\"SearchAction\",\"target\":{\"@type\":\"EntryPoint\",\"urlTemplate\":\"https:\\\/\\\/www.avenor.ro\\\/en\\\/?s={search_term_string}\"},\"query-input\":{\"@type\":\"PropertyValueSpecification\",\"valueRequired\":true,\"valueName\":\"search_term_string\"}}],\"inLanguage\":\"en-US\"},{\"@type\":\"Organization\",\"@id\":\"https:\\\/\\\/www.avenor.ro\\\/en\\\/#organization\",\"name\":\"Avenor\",\"alternateName\":\"Avenor\",\"url\":\"https:\\\/\\\/www.avenor.ro\\\/en\\\/\",\"logo\":{\"@type\":\"ImageObject\",\"inLanguage\":\"en-US\",\"@id\":\"https:\\\/\\\/www.avenor.ro\\\/en\\\/#\\\/schema\\\/logo\\\/image\\\/\",\"url\":\"https:\\\/\\\/www.avenor.ro\\\/wp-content\\\/uploads\\\/2026\\\/04\\\/logo-avenor.png\",\"contentUrl\":\"https:\\\/\\\/www.avenor.ro\\\/wp-content\\\/uploads\\\/2026\\\/04\\\/logo-avenor.png\",\"width\":342,\"height\":152,\"caption\":\"Avenor\"},\"image\":{\"@id\":\"https:\\\/\\\/www.avenor.ro\\\/en\\\/#\\\/schema\\\/logo\\\/image\\\/\"}}]}<\/script>\n<!-- \/ Yoast SEO plugin. -->","yoast_head_json":{"title":"The opening ceremony of the school year - Avenor","robots":{"index":"index","follow":"follow","max-snippet":"max-snippet:-1","max-image-preview":"max-image-preview:large","max-video-preview":"max-video-preview:-1"},"canonical":"https:\/\/www.avenor.ro\/en\/events\/ceremonia-de-deschidere-a-anului-scolar-2\/","og_locale":"en_US","og_type":"article","og_title":"The opening ceremony of the school year - Avenor","og_description":"The opening of the school year is an emotional moment for all members of the Avenor community &#8211; students, teachers, parents. See you colleagues, talk about what we did during the summer vacation.","og_url":"https:\/\/www.avenor.ro\/en\/events\/ceremonia-de-deschidere-a-anului-scolar-2\/","og_site_name":"Avenor","article_modified_time":"2021-02-02T15:52:00+00:00","og_image":[{"width":1536,"height":1024,"url":"https:\/\/www.avenor.ro\/wp-content\/uploads\/2020\/12\/Ceremonia-de-deschidere-a-anului-scolar.jpg","type":"image\/jpeg"}],"twitter_card":"summary_large_image","schema":{"@context":"https:\/\/schema.org","@graph":[{"@type":"WebPage","@id":"https:\/\/www.avenor.ro\/en\/events\/ceremonia-de-deschidere-a-anului-scolar-2\/","url":"https:\/\/www.avenor.ro\/en\/events\/ceremonia-de-deschidere-a-anului-scolar-2\/","name":"The opening ceremony of the school year - Avenor","isPartOf":{"@id":"https:\/\/www.avenor.ro\/en\/#website"},"primaryImageOfPage":{"@id":"https:\/\/www.avenor.ro\/en\/events\/ceremonia-de-deschidere-a-anului-scolar-2\/#primaryimage"},"image":{"@id":"https:\/\/www.avenor.ro\/en\/events\/ceremonia-de-deschidere-a-anului-scolar-2\/#primaryimage"},"thumbnailUrl":"https:\/\/www.avenor.ro\/wp-content\/uploads\/2020\/12\/Ceremonia-de-deschidere-a-anului-scolar.jpg","datePublished":"2021-02-02T15:51:35+00:00","dateModified":"2021-02-02T15:52:00+00:00","inLanguage":"en-US","potentialAction":[{"@type":"ReadAction","target":["https:\/\/www.avenor.ro\/en\/events\/ceremonia-de-deschidere-a-anului-scolar-2\/"]}]},{"@type":"ImageObject","inLanguage":"en-US","@id":"https:\/\/www.avenor.ro\/en\/events\/ceremonia-de-deschidere-a-anului-scolar-2\/#primaryimage","url":"https:\/\/www.avenor.ro\/wp-content\/uploads\/2020\/12\/Ceremonia-de-deschidere-a-anului-scolar.jpg","contentUrl":"https:\/\/www.avenor.ro\/wp-content\/uploads\/2020\/12\/Ceremonia-de-deschidere-a-anului-scolar.jpg","width":1536,"height":1024},{"@type":"WebSite","@id":"https:\/\/www.avenor.ro\/en\/#website","url":"https:\/\/www.avenor.ro\/en\/","name":"Avenor","description":"Avenor","publisher":{"@id":"https:\/\/www.avenor.ro\/en\/#organization"},"potentialAction":[{"@type":"SearchAction","target":{"@type":"EntryPoint","urlTemplate":"https:\/\/www.avenor.ro\/en\/?s={search_term_string}"},"query-input":{"@type":"PropertyValueSpecification","valueRequired":true,"valueName":"search_term_string"}}],"inLanguage":"en-US"},{"@type":"Organization","@id":"https:\/\/www.avenor.ro\/en\/#organization","name":"Avenor","alternateName":"Avenor","url":"https:\/\/www.avenor.ro\/en\/","logo":{"@type":"ImageObject","inLanguage":"en-US","@id":"https:\/\/www.avenor.ro\/en\/#\/schema\/logo\/image\/","url":"https:\/\/www.avenor.ro\/wp-content\/uploads\/2026\/04\/logo-avenor.png","contentUrl":"https:\/\/www.avenor.ro\/wp-content\/uploads\/2026\/04\/logo-avenor.png","width":342,"height":152,"caption":"Avenor"},"image":{"@id":"https:\/\/www.avenor.ro\/en\/#\/schema\/logo\/image\/"}}]}},"_links":{"self":[{"href":"https:\/\/www.avenor.ro\/en\/wp-json\/wp\/v2\/evenimente\/13036","targetHints":{"allow":["GET"]}}],"collection":[{"href":"https:\/\/www.avenor.ro\/en\/wp-json\/wp\/v2\/evenimente"}],"about":[{"href":"https:\/\/www.avenor.ro\/en\/wp-json\/wp\/v2\/types\/evenimente"}],"author":[{"embeddable":true,"href":"https:\/\/www.avenor.ro\/en\/wp-json\/wp\/v2\/users\/1"}],"wp:featuredmedia":[{"embeddable":true,"href":"https:\/\/www.avenor.ro\/en\/wp-json\/wp\/v2\/media\/10589"}],"wp:attachment":[{"href":"https:\/\/www.avenor.ro\/en\/wp-json\/wp\/v2\/media?parent=13036"}],"wp:term":[{"taxonomy":"categorii_evenimente","embeddable":true,"href":"https:\/\/www.avenor.ro\/en\/wp-json\/wp\/v2\/categorii_evenimente?post=13036"}],"curies":[{"name":"wp","href":"https:\/\/api.w.org\/{rel}","templated":true}]}}

<p><span data-sheets-value="{"1":2,"2":"Deschiderea anului școlar reprezintă un moment emoționant pentru toți membrii comunității Avenor - elevi, profesori, părinți. Ne revedem colegii, povestim despre ce am făcut în vacanța de vară, iar împreună lansăm tradiționalele baloane care conțin dorințele noastre pentru un an nou școlar mai bun."}" data-sheets-userformat="{"2":769,"3":{"1":0},"11":4,"12":0}">The opening of the school year is an emotional moment for all members of the Avenor community &#8211; students, teachers, parents. See you colleagues, talk about what we did during the summer vacation.</span></p>
